tors of 1813.
7, 37
What are the prime factors of 9351?
3, 1039
What are the prime factors of 2862?
2, 3, 53
List the prime factors of 56.
2, 7
List the prime factors of 5514.
2, 3, 919
What are the prime factors of 1435?
5, 7, 41
List the prime factors of 3195.
3, 5, 71
List the prime factors of 79957.
37, 2161
List the prime factors of 30324.
2, 3, 7, 19
What are the prime factors of 116655?
3, 5, 7, 11, 101
List the prime factors of 135.
3, 5
List the prime factors of 6136.
2, 13, 59
What are the prime factors of 954?
2, 3, 53
What are the prime factors of 10006?
2, 5003
List the prime factors of 1903.
11, 173
List the prime factors of 725.
5, 29
What are the prime factors of 2332?
2, 11, 53
What are the prime factors of 26177?
26177
What are the prime factors of 734?
2, 367
List the prime factors of 468.
2, 3, 13
What are the prime factors of 21858?
2, 3, 3643
What are the prime factors of 1509?
3, 503
List the prime factors of 8453.
79, 107
List the prime factors of 2832.
2, 3, 59
List the prime factors of 13488.
2, 3, 281
List the prime factors of 141208.
2, 19, 929
List the prime factors of 13173.
3, 4391
What are the prime factors of 29?
29
List the prime factors of 20397.
3, 13, 523
List the prime factors of 1340.
2, 5, 67
List the prime factors of 53083.
109, 487
List the prime factors of 1297.
1297
What are the prime factors of 1079?
13, 83
What are the prime factors of 132736?
2, 17, 61
List the prime factors of 1402.
2, 701
List the prime factors of 3039.
3, 1013
List the prime factors of 132.
2, 3, 11
List the prime factors of 80635.
5, 16127
List the prime factors of 109031.
13, 8387
What are the prime factors of 67894?
2, 83, 409
List the prime factors of 3951.
3, 439
What are the prime factors of 14918?
2, 7459
What are the prime factors of 48096?
2, 3, 167
List the prime factors of 716.
2, 179
List the prime factors of 15908.
2, 41, 97
List the prime factors of 3030.
2, 3, 5, 101
What are the prime factors of 12407?
19, 653
What are the prime factors of 1054?
2, 17, 31
What are the prime factors of 2237?
2237
List the prime factors of 2302.
2, 1151
List the prime factors of 13335.
3, 5, 7, 127
List the prime factors of 71237.
71237
List the prime factors of 16358.
2, 8179
What are the prime factors of 17569?
17569
List the prime factors of 545.
5, 109
What are the prime factors of 12625?
5, 101
List the prime factors of 121473.
3, 11, 409
List the prime factors of 47834.
2, 23917
What are the prime factors of 14413?
7, 29, 71
List the prime factors of 12936.
2, 3, 7, 11
List the prime factors of 13749.
3, 4583
What are the prime factors of 695?
5, 139
List the prime factors of 1660.
2, 5, 83
What are the prime factors of 70037?
11, 6367
List the prime factors of 144.
2, 3
List the prime factors of 1570.
2, 5, 157
List the prime factors of 37186.
2, 18593
List the prime factors of 3118.
2, 1559
What are the prime factors of 599?
599
What are the prime factors of 760?
2, 5, 19
List the prime factors of 248.
2, 31
List the prime factors of 66542.
2, 7, 97
List the prime factors of 193336.
2, 11, 13
List the prime factors of 18386.
2, 29, 317
List the prime factors of 42810.
2, 3, 5, 1427
What are the prime factors of 2362?
2, 1181
What are the prime factors of 307?
307
List the prime factors of 153456.
2, 3, 23, 139
What are the prime factors of 3230?
2, 5, 17, 19
What are the prime factors of 24972?
2, 3, 2081
What are the prime factors of 18227?
11, 1657
What are the prime factors of 2147?
19, 113
List the prime factors of 4850.
2, 5, 97
List the prime factors of 21714.
2, 3, 7, 11, 47
What are the prime factors of 1473?
3, 491
What are the prime factors of 80?
2, 5
What are the prime factors of 1763?
41, 43
What are the prime factors of 30510?
2, 3, 5, 113
List the prime factors of 6300.
2, 3, 5, 7
What are the prime factors of 21800?
2, 5, 109
What are the prime factors of 45815?
5, 7, 11, 17
What are the prime factors of 1468?
2, 367
What are the prime factors of 1103?
1103
What are the prime factors of 75400?
2, 5, 13, 29
List the prime factors of 11143.
11, 1013
What are the prime factors of 3045?
3, 5, 7, 29
List the prime factors of 26849.
26849
List the prime factors of 5975.
5, 239
List the prime factors of 1086.
2, 3, 181
What are the prime factors of 6696?
2, 3, 31
List the prime factors of 22145.
5, 43, 103
What are the prime factors of 253?
11, 23
What are the prime factors of 5284?
2, 1321
What are the prime factors of 17942?
2, 8971
List the prime factors of 280.
2, 5, 7
What are the prime factors of 39183?
3, 37, 353
List the prime factors of 44091.
3, 23, 71
What are the prime factors of 39944?
2, 4993
List the prime factors of 642.
2, 3, 107
List the prime factors of 1074.
2, 3, 179
What are the prime factors of 226?
2, 113
List the prime factors of 46389.
3, 7, 47
What are the prime factors of 1638?
2, 3, 7, 13
List the prime factors of 5228.
2, 1307
What are the prime factors of 4009?
19, 211
List the prime factors of 14428.
2, 3607
List the prime factors of 4519.
4519
What are the prime factors of 42589?
42589
What are the prime factors of 788?
2, 197
List the prime factors of 18508.
2, 7, 661
What are the prime factors of 32220?
2, 3, 5, 179
List the prime factors of 6016.
2, 47
List the prime factors of 11536.
2, 7, 103
List the prime factors of 3291.
3, 1097
What are the prime factors of 1576?
2, 197
List the prime factors of 518.
2, 7, 37
What are the prime factors of 11947?
13, 919
What are the prime factors of 72631?
13, 37, 151
List the prime factors of 1140.
2, 3, 5, 19
List the prime factors of 13912.
2, 37, 47
What are the prime factors of 7307?
7307
List the prime factors of 126531.
3, 17, 827
List the prime factors of 45097.
13, 3469
List the prime factors of 1095.
3, 5, 73
What are the prime factors of 90977?
90977
List the prime factors of 1444.
2, 19
What are the prime factors of 5821?
5821
What are the prime factors of 13095?
3, 5, 97
List the prime factors of 249.
3, 83
List the prime factors of 55751.
197, 283
What are the prime factors of 11599?
7, 1657
List the prime factors of 26413.
61, 433
What are the prime factors of 137100?
2, 3, 5, 457
List the prime factors of 474.
2, 3, 79
What are the prime factors of 224?
2, 7
List the prime factors of 6590.
2, 5, 659
List the prime factors of 9236.
2, 2309
What are the prime factors of 6757?
29, 233
What are the prime factors of 60629?
19, 3191
List the prime factors of 209.
11, 19
What are the prime factors of 17736?
2, 3, 739
What are the prime factors of 2837?
2837
List the prime factors of 1236.
2, 3, 103
What are the prime factors of 18852?
2, 3, 1571
What are the prime factors of 14607?
3, 541
What are the prime factors of 11727?
3, 1303
List the prime factors of 372.
2, 3, 31
What are the prime factors of 17?
17
List the prime factors of 87.
3, 29
List the prime factors of 3418.
2, 1709
List the prime factors of 66528.
2, 3, 7, 11
List the prime factors of 98612.
2, 89, 277
List the prime factors of 5116.
2, 1279
What are the prime factors of 1265?
5, 11, 23
List the prime factors of 1161.
3, 43
What are the prime factors of 5841?
3, 11, 59
What are the prime factors of 52276?
2, 7, 1867
List the prime factors of 3667.
19, 193
What are the prime factors of 8438?
2, 4219
List the prime factors of 164.
2, 41
What are the prime factors of 516?
2, 3, 43
List the prime factors of 914.
2, 457
List the prime factors of 794.
2, 397
List the prime factors of 3855.
3, 5, 257
List the prime factors of 91813.
91813
List the prime factors of 2242.
2, 19, 59
List the prime factors of 39470.
2, 5, 3947
List the prime factors of 2923.
37, 79
What are the prime factors of 411?
3, 137
List the prime factors of 15437.
43, 359
List the prime factors of 930.
2, 3, 5, 31
What are the prime factors of 5605?
5, 19, 59
List the prime factors of 1216.
2, 19
What are the prime factors of 9052?
2, 31, 73
What are the prime factors of 72062?
2, 137, 263
List the prime factors of 1284.
2, 3, 107
List the prime factors of 29151.
3, 41, 79
List the prime factors of 738.
2, 3, 41
List the prime factors of 4974.
2, 3, 829
What are the prime factors of 4477?
11, 37
What are the prime factors of 1919?
19, 101
List the prime factors of 21598.
2, 10799
What are the p